 - 23, 4*s - 13 = -7*q + 8*q. What is the hundreds digit of p(q)?
4
Let y(p) = 7*p - 9. Let i be y(2). Suppose -69 - 256 = -i*b. Let t = b - -16. What is the units digit of t?
1
Let g(h) = 1312*h + 1579. What is the thousands digit of g(7)?
0
Suppose 55*n - 1843040 = -105*n. What is the tens digit of n?
1
What is the ten thousands digit of (-2 - -3)/(((-420)/(-568460))/21)?
2
Suppose 7*b - 160 = 22. Let q(s) = 77*s - 445. What is the tens digit of q(b)?
5
Let s = -1671 + 7442. What is the tens digit of s?
7
Suppose 91690 = 1019*r - 1009*r. What is the units digit of r?
9
Let f(o) = -o**2 + 15*o + 2. Let a = -37 - -43. Suppose a*m - 2*m - 40 = 0. What is the tens digit of f(m)?
5
Let p = -851 - 808. Let q = 2992 + p. What is the tens digit of q?
3
Let x(n) = n**3 - 15*n**2 + 41*n + 55. Let f be x(13). Let z = f - 10. What is the tens digit of z?
4
What is the thousands digit of -4 + 0/(-3 + 8) + (-30990)/(-10)?
3
Suppose -2316*z + 2315*z + 5*m + 420 = 0, 0 = -5*z - 3*m + 2044. What is the units digit of z?
0
Suppose 2*s - 5*a = -111, -2*s - 19 = 3*a + 84. Let j = s + 54. Let i(t) = 171*t + 6. What is the hundreds digit of i(j)?
1
What is the hundreds digit of (18 - 15015/(-44))/((-1)/(-148))?
1
Suppose 4*o - 1336 - 52569 = -3*p, -3*p + 21 = 0. What is the thousands digit of o?
3
Let o(k) = -k**2 - 9*k - 8. Let n be o(-7). Let b(q) = -9*q**2 - 8 - n + 41*q**3 - 18*q - 91*q**3 + 51*q**3. What is the units digit of b(11)?
0
Let r be 10/55 + 124/44. Let y = -64 - -66. Suppose 0 = -4*s + g + y*g + 268, -3*s + 201 = r*g. What is the tens digit of s?
6
Suppose -w + 1 + 1 = 0. Suppose 189*c = 60*c. Suppose 2*a + w*a - 796 = c. What is the hundreds digit of a?
1
Let a(g) = -g**3 + 203*g - 23. What is the tens digit of a(-15)?
0
What is the tens digit of (-2347800)/(-172) + (3/(-1))/(1/(-2))?
5
Suppose -22 + 30 = 2*o. Suppose 2*t - n + 17 = -o*n, -n = t + 11. Let x = 23 + t. What is the units digit of x?
7
Let l(i) = i**3 + 19*i**2 - 44*i - 29. Let a be l(-21). Suppose -x - 50 = -a. Let t = 61 + x. What is the units digit of t?
4
Let p(t) = -69*t**3 + t**2 - t - 8. Let u be p(-4). Suppose -9*o + 15*o - u = 0. What is the units digit of o?
8
Let t = -359 - -372. Suppose 1060 = -t*v + 17*v. What is the units digit of v?
5
Let j(b) = 2*b**2 + 18*b - 3. Let n be j(-9). What is the hundreds digit of (-3696)/(-16) + n + 6?
2
Let c(d) = 53*d - 2. Let z(q) = 211*q - 7. Let h(m) = 22*c(m) - 6*z(m). Let r be h(2). Let t = 376 + r. What is the units digit of t?
4
Suppose -19*b + 90 = -b. What is the units digit of b/(-3 + -12) - 856/(-3)?
5
What is the tens digit of (-1992)/(-26975) + 4/50 + (-158975)/(-13)?
2
Let g be (-2)/(-4 - -2) + 13 + -14. Suppose 2*u - 244 = -2*w, 5*u = -g*u - 5. What is the hundreds digit of w?
1
Suppose -21*s = 12*s - 2079. What is the units digit of ((-36)/s)/(2/(-77))?
2
Suppose 5*z - 6 = -1. Let g be (6/(-3) + 600)/(1 + z). Suppose -273 = -4*i + g. What is the tens digit of i?
4
What is the hundreds digit of ((-224)/(-36) - (-10)/(-45)) + 8267?
2
Suppose -18*w = -13*w + 21*w - 267280. What is the thousands digit of w?
0
Let h = 205 + -764. Let d = h - -678. What is the tens digit of d?
1
Suppose -84*y + 31*y + 43*y + 108640 = 0. What is the ten thousands digit of y?
1
Let c(v) = 349*v**2 + 2*v - 3. Let j = 235 - 234. What is the hundreds digit of c(j)?
3
Let s = -6639 - -13108. Suppose 13*c = -1035 + s. Let m = c + -166. What is the tens digit of m?
5
Let r(o) = 10*o**2 - 77*o + 125. What is the hundreds digit of r(29)?
3
Let y be (-4)/(-10)*5 + 1. What is the units digit of (3587/17)/(1/y)?
3
Let t = 3522 - -12141. What is the thousands digit of t?
5
Suppose -5*o + 63469 = 3*j + 3789, -j = -2*o - 19886. What is the units digit of j?
0
Let g(z) = 46*z**3 + 7*z**2 + 6*z**2 - 24*z**3 - 18*z - 11 - 23*z**3. What is the hundreds digit of g(7)?
1
Suppose -4*t = 2*u - 618, t - u + 3 - 156 = 0. Let l = t - -213. What is the tens digit of l?
6
What is the hundreds digit of (2061 + 8)*(5 - 8*(-5)/(-10))?
0
Suppose 5*m + 0*x = 5*x + 70, 5*m - x = 74. Suppose 4*l - 2*a = 1246, 5*l - 17*a + m*a - 1559 = 0. What is the tens digit of l?
1
Let v be -1 - -1 - (-15 - -3). Suppose v*d - 52 = -d. What is the units digit of d*-1 + (-2760)/(-30)?
8
Suppose -13*n + 11*n - 10 = 0, -t - 4*n = -1337. What is the thousands digit of t?
1
Suppose -2263*g = -2249*g - 365400. What is the ten thousands digit of g?
2
Suppose -48*r + 2089200 = 192*r. What is the units digit of r?
5
Let o = -65487 + 104724. What is the hundreds digit of o?
2
Let k = -489 + 278. Let s = k + 330. Suppose 0*h - h = -2*g - 67, -s = -2*h - g. What is the units digit of h?
1
Suppose 2*l - 158801 = -5*b, -4*b - 158808 = -9*b - l. What is the thousands digit of b?
1
Let l(r) = 16*r + 2. Let f(o) = -3*o. Let v(a) = 33*f(a) + 6*l(a). Let u be v(5). What is the units digit of (-16)/(-4) + u + (-1 - -92)?
2
Suppose 5*b + l - 7757 - 4604 = 0, 4*b - 9900 = 2*l. What is the hundreds digit of b?
4
Suppose 672 = 4*s - v, 10*s + v = 5*s + 849. Let l = 315 + s. What is the units digit of l?
4
Let p(i) = 2647*i + 7537. What is the tens digit of p(10)?
0
Let h(l) = -430*l**3 + 7*l**2 - 55*l - 273. What is the ten thousands digit of h(-5)?
5
Let a(u) = 548*u - 2110. What is the tens digit of a(44)?
0
Suppose 67334 = 3*g - 2*n - 1265, 0 = -7*g - 4*n + 160021. What is the thousands digit of g?
2
Let c(x) = -5*x**2 + 4*x + 4. Let d be c(-3). Let t = d - -53. Suppose t = -3*b - 39 + 147. What is the tens digit of b?
3
Suppose -a + 0*a = -3. Suppose 15*f + f = 32. Suppose f*w = g - 31, -5*w - 51 - 38 = -a*g. What is the tens digit of g?
2
Let u(j) = -3*j + 5. Let x be u(4). Let t(c) = 7*c**2 - 193*c**3 + 9 + c + 194*c**3 + 3*c**2. What is the units digit of t(x)?
9
What is the thousands digit of 2165629/155 + 6/(-10) + (-3)/15?
3
Let k(o) = -o**3 - 3*o**2 - 2*o - 1. Let c be k(-3). Suppose 4*q - 4*y + 32 = 0, 2*y + 34 = 3*q + 52. What is the hundreds digit of q/5 - (-602)/c?
1
Let h(o) = -2*o**3 - 59*o**2 - 17*o. Let c(l) = -8*l**3 - 236*l**2 - 68*l - 1. Let m(j) = 2*c(j) - 9*h(j). What is the tens digit of m(-29)?
4
Let v(f) = 8*f + 572. Let s be v(-39). Let j = -73 - -223. Let i = s - j. What is the units digit of i?
0
Suppose 2*z - 180 + 198 = 0. Let c(g) = 20*g**2 - 15*g - 147. What is the tens digit of c(z)?
0
Let o = 4557 + -1794. What is the tens digit of o?
6
Let v = 11280 - 4539. What is the tens digit of v?
4
Suppose -7*r + 40 = -5*r. Let c = 20 - r. Let t = c + 13. What is the tens digit of t?
1
Let c = 27861 + -13055. What is the hundreds digit of c?
8
Suppose 284099 = 31*q - 274397 + 74834. What is the units digit of q?
2
Let z(x) = -4*x + 39. Let s be z(7). Let u be (s - 5)/12 + (-134)/(-4). Suppose -3*j - u = -289. What is the units digit of j?
5
Suppose -5*b + 53*b = -39*b + 1356243. What is the hundreds digit of b?
5
Let q = 15 - -2. Suppose q*j - 18*j = -6. Suppose -4*y + 45 = x - j*y, -x = y - 36. What is the tens digit of x?
3
What is the units digit of (7418 - 1) + (8/(-88) - (-168)/33)?
2
Let a(q) = -2293*q - 3874. What is the ten thousands digit of a(-27)?
5
Suppose 0 = -432*n - 129*n + 85*n + 10318728. What is the units digit of n?
8
Let i be 4*-1 - (-1 - 2) - -153. What is the tens digit of i*((-15)/(-4))/((-36)/(-24))?
8
Suppose 5*v - 3*r - 48488 = 0, -27*r - 29086 = -3*v - 32*r. What is the tens digit of v?
9
Let f be (86/5 + -4)/((-1)/10). Let z = 122 + f. Let o(t) = -24*t + 26. What is the units digit of o(z)?
6
Let p(v) = -9. Let x(m) = m + 44. Let d(l) = 11*p(l) + 2*x(l). Let c be d(6). Suppose 3*k + c - 24 = -n, -n = -4*k - 51. What is the tens digit of n?
3
What is the thousands digit of 2 + 5724 - 204/(-51)?
5
What is the ten thousands digit of (-2507841)/(-105) - 1/5?
2
Suppose -3*y - 276 + 73 = -5*f, -5*f + 197 = 3*y. Suppose a + 3 = f. What is the units digit of a?
7
Suppose -7561 = -3*u - 5*b, 2623 = 5*u - 2*b - 9989. What is the tens digit of u?
2
Suppose 20123 + 41582 = 7*y. What is the tens digit of y?
1
Let a be (-4 + 9 + -8)*(-3 - -1). Suppose 0 = a*n + 6*n - 2760. What is the units digit of n?
0
Let l be -1 - (-1 + -3 + 0). Suppose -5*b = -l*c + 1, -5*c + b = -4 - 5. Suppose -x - 184 = -3*p, c*x - 89 = 5*p - 395. What is the units digit of p?
2
Let p(u) = 2*u**3 + 